are the prime factors of 25592?
2, 7, 457
What are the prime factors of 8813?
7, 1259
List the prime factors of 32713.
32713
List the prime factors of 18331.
23, 797
List the prime factors of 77685.
3, 5, 5179
List the prime factors of 565.
5, 113
What are the prime factors of 13170?
2, 3, 5, 439
What are the prime factors of 7539?
3, 7, 359
List the prime factors of 817.
19, 43
What are the prime factors of 1238?
2, 619
What are the prime factors of 106146?
2, 3, 5897
List the prime factors of 793.
13, 61
List the prime factors of 1162.
2, 7, 83
List the prime factors of 857.
857
List the prime factors of 5601.
3, 1867
What are the prime factors of 479?
479
List the prime factors of 1522.
2, 761
What are the prime factors of 82089?
3, 7, 1303
List the prime factors of 731.
17, 43
List the prime factors of 226.
2, 113
List the prime factors of 1655.
5, 331
List the prime factors of 708.
2, 3, 59
List the prime factors of 1830.
2, 3, 5, 61
List the prime factors of 14487.
3, 11, 439
List the prime factors of 504.
2, 3, 7
What are the prime factors of 56046?
2, 3, 9341
List the prime factors of 467.
467
What are the prime factors of 150?
2, 3, 5
What are the prime factors of 16736?
2, 523
What are the prime factors of 102066?
2, 3, 17011
What are the prime factors of 16949?
17, 997
What are the prime factors of 1355?
5, 271
What are the prime factors of 1531?
1531
List the prime factors of 30439.
61, 499
List the prime factors of 14635.
5, 2927
What are the prime factors of 7578?
2, 3, 421
What are the prime factors of 1561?
7, 223
List the prime factors of 36624.
2, 3, 7, 109
What are the prime factors of 814?
2, 11, 37
What are the prime factors of 2275?
5, 7, 13
List the prime factors of 52623.
3, 1949
What are the prime factors of 10337?
10337
List the prime factors of 104.
2, 13
What are the prime factors of 4330?
2, 5, 433
What are the prime factors of 9293?
9293
List the prime factors of 9453.
3, 23, 137
What are the prime factors of 231?
3, 7, 11
What are the prime factors of 83012?
2, 20753
What are the prime factors of 3679?
13, 283
What are the prime factors of 24175?
5, 967
What are the prime factors of 9536?
2, 149
What are the prime factors of 1050?
2, 3, 5, 7
What are the prime factors of 66936?
2, 3, 2789
List the prime factors of 234.
2, 3, 13
List the prime factors of 1424.
2, 89
What are the prime factors of 30472?
2, 13, 293
What are the prime factors of 42023?
42023
What are the prime factors of 723?
3, 241
List the prime factors of 1020.
2, 3, 5, 17
List the prime factors of 1201.
1201
List the prime factors of 2141.
2141
What are the prime factors of 2030?
2, 5, 7, 29
List the prime factors of 66090.
2, 3, 5, 2203
What are the prime factors of 2018?
2, 1009
What are the prime factors of 26349?
3, 8783
What are the prime factors of 4843?
29, 167
What are the prime factors of 819?
3, 7, 13
What are the prime factors of 27016?
2, 11, 307
What are the prime factors of 599?
599
List the prime factors of 5691.
3, 7, 271
What are the prime factors of 559?
13, 43
List the prime factors of 150527.
13, 11579
List the prime factors of 10609.
103
List the prime factors of 118673.
118673
What are the prime factors of 841?
29
List the prime factors of 2707.
2707
What are the prime factors of 98081?
98081
What are the prime factors of 4301?
11, 17, 23
List the prime factors of 993.
3, 331
List the prime factors of 1962.
2, 3, 109
What are the prime factors of 77905?
5, 15581
List the prime factors of 60794.
2, 113, 269
What are the prime factors of 28999?
47, 617
What are the prime factors of 16493?
16493
What are the prime factors of 16275?
3, 5, 7, 31
What are the prime factors of 1016?
2, 127
List the prime factors of 1287.
3, 11, 13
What are the prime factors of 130?
2, 5, 13
What are the prime factors of 121481?
29, 59, 71
What are the prime factors of 1150?
2, 5, 23
What are the prime factors of 644?
2, 7, 23
List the prime factors of 24884.
2, 6221
What are the prime factors of 12899?
12899
What are the prime factors of 27604?
2, 67, 103
List the prime factors of 20307.
3, 7, 967
List the prime factors of 16900.
2, 5, 13
What are the prime factors of 862?
2, 431
List the prime factors of 10035.
3, 5, 223
List the prime factors of 13098.
2, 3, 37, 59
What are the prime factors of 2054?
2, 13, 79
What are the prime factors of 51918?
2, 3, 17, 509
What are the prime factors of 7241?
13, 557
List the prime factors of 1419.
3, 11, 43
What are the prime factors of 2085?
3, 5, 139
List the prime factors of 20741.
7, 2963
What are the prime factors of 135595?
5, 47, 577
What are the prime factors of 3943?
3943
What are the prime factors of 1832?
2, 229
What are the prime factors of 15062?
2, 17, 443
What are the prime factors of 746?
2, 373
What are the prime factors of 4722?
2, 3, 787
What are the prime factors of 15394?
2, 43, 179
List the prime factors of 24952.
2, 3119
What are the prime factors of 2435?
5, 487
What are the prime factors of 99?
3, 11
List the prime factors of 420.
2, 3, 5, 7
What are the prime factors of 27473?
83, 331
List the prime factors of 7032.
2, 3, 293
What are the prime factors of 4123?
7, 19, 31
What are the prime factors of 11059?
11059
What are the prime factors of 20527?
13, 1579
List the prime factors of 780.
2, 3, 5, 13
List the prime factors of 2502.
2, 3, 139
What are the prime factors of 558?
2, 3, 31
List the prime factors of 10945.
5, 11, 199
What are the prime factors of 60?
2, 3, 5
What are the prime factors of 13884?
2, 3, 13, 89
What are the prime factors of 40477?
17, 2381
List the prime factors of 2147.
19, 113
List the prime factors of 106.
2, 53
List the prime factors of 1843.
19, 97
What are the prime factors of 2745?
3, 5, 61
What are the prime factors of 1002?
2, 3, 167
What are the prime factors of 1168?
2, 73
What are the prime factors of 11127?
3, 3709
List the prime factors of 1757.
7, 251
List the prime factors of 31966.
2, 11, 1453
What are the prime factors of 4144?
2, 7, 37
What are the prime factors of 44106?
2, 3, 7351
What are the prime factors of 10484?
2, 2621
List the prime factors of 74757.
3, 24919
List the prime factors of 12781.
12781
List the prime factors of 5539.
29, 191
List the prime factors of 1923.
3, 641
What are the prime factors of 5069?
37, 137
What are the prime factors of 1004?
2, 251
What are the prime factors of 1458?
2, 3
List the prime factors of 1060.
2, 5, 53
What are the prime factors of 648?
2, 3
What are the prime factors of 76617?
3, 8513
What are the prime factors of 755?
5, 151
List the prime factors of 1923.
3, 641
List the prime factors of 248.
2, 31
List the prime factors of 23924.
2, 5981
List the prime factors of 483.
3, 7, 23
List the prime factors of 101270.
2, 5, 13, 19, 41
What are the prime factors of 34424?
2, 13, 331
List the prime factors of 468.
2, 3, 13
What are the prime factors of 1171?
1171
List the prime factors of 963.
3, 107
What are the prime factors of 7704?
2, 3, 107
What are the prime factors of 32916?
2, 3, 13, 211
List the prime factors of 29185.
5, 13, 449
What are the prime factors of 5463?
3, 607
List the prime factors of 539.
7, 11
List the prime factors of 2234.
2, 1117
What are the prime factors of 127684?
2, 137, 233
List the prime factors of 6526.
2, 13, 251
List the prime factors of 8977.
47, 191
What are the prime factors of 68176?
2, 4261
What are the prime factors of 1372?
2, 7
What are the prime factors of 11760?
2, 3, 5, 7
List the prime factors of 456.
2, 3, 19
What are the prime factors of 637?
7, 13
List the prime factors of 1758.
2, 3, 293
List the prime factors of 311.
311
List the prime factors of 2617.
2617
What are the prime factors of 6862?
2, 47, 73
What are the prime factors of 40481?
7, 5783
What are the prime factors of 14429?
47, 307
List the prime factors of 9684.
2, 3, 269
What are the prime factors of 1690?
2, 5, 13
What are the prime factors of 145?
5, 29
What are the prime factors of 12362?
2, 7, 883
What are the prime factors of 3699?
3, 137
List the prime factors of 3156.
2, 3, 263
List the prime factors of 6870.
2, 3, 5, 229
List the prime factors of 19427.
19427
List the prime factors of 15721.
79, 199
What are the prime factors of 5169?
3, 1723
What are the prime factors of 50